{"id":443,"date":"2019-01-30T10:27:53","date_gmt":"2019-01-30T10:27:53","guid":{"rendered":"https:\/\/demo.harutheme.com\/pangja\/?page_id=443"},"modified":"2023-02-01T10:56:03","modified_gmt":"2023-02-01T10:56:03","slug":"contact-us","status":"publish","type":"page","link":"https:\/\/optimistic-sutherland.5-9-23-233.plesk.page\/index.php\/contact-us\/","title":{"rendered":"Contact Us"},"content":{"rendered":"<section class=\"wpb-content-wrapper\"><p>[vc_row css=&#8221;.vc_custom_1548846847156{padding-bottom: 8% !important;}&#8221;][vc_column][vc_row_inner][vc_column_inner width=&#8221;1\/2&#8243;][vc_custom_heading heading_style=&#8221;heading_style_3&#8243; text=&#8221;Kontakt&#8221; use_theme_fonts=&#8221;yes&#8221; css=&#8221;.vc_custom_1675248054530{padding-bottom: 4% !important;}&#8221;][vc_column_text]Lorem ipsum dolor sit amet, consectetur adipiscing elit. Fusce in purus id eros auctor tincidunt ut non nunc. Ut sed ex elementum, efficitur felis id, varius eros. Aliquam elementum nec.[\/vc_column_text]                        <div class=\"  \">\n                <div class=\"footer-contact-shortcode-wrap style_2 \">\n    <div class=\"footer-contact-content\">\n        <ul class=\"contact-information\">\n                                <li>\n                        <span class=\"contact-icon fas fa-map-marker-alt\"><\/span>\n                        <span class=\"contact-label\">Address<\/span>\n                        <span class=\"contact-description\">Steinb\u00fchler Stra\u00dfe 9, 90443 N\u00fcrnberg<\/span>\n                    <\/li>\n                                <li>\n                        <span class=\"contact-icon fas fa-phone\"><\/span>\n                        <span class=\"contact-label\">Telefon<\/span>\n                        <span class=\"contact-description\">+49 911 61 48 92<\/span>\n                    <\/li>\n                                <li>\n                        <span class=\"contact-icon fas fa-envelope\"><\/span>\n                        <span class=\"contact-label\">Email<\/span>\n                        <span class=\"contact-description\">info@printoffice-online.de<\/span>\n                    <\/li>\n                                <li>\n                        <span class=\"contact-icon fas fa-clock\"><\/span>\n                        <span class=\"contact-label\">Time<\/span>\n                        <span class=\"contact-description\">Mon - Sat: 8am - 7pm<\/span>\n                    <\/li>\n                    <\/ul>\n    <\/div>\n<\/div>            <\/div>\n                    [\/vc_column_inner][vc_column_inner width=&#8221;1\/2&#8243;][vc_custom_heading heading_style=&#8221;heading_style_3&#8243; text=&#8221;Send Message&#8221; use_theme_fonts=&#8221;yes&#8221; css=&#8221;.vc_custom_1550473386624{padding-bottom: 4% !important;}&#8221;]\n<div class=\"wpcf7 no-js\" id=\"wpcf7-f182-o1\" lang=\"en-US\" dir=\"ltr\" data-wpcf7-id=\"182\">\n<div class=\"screen-reader-response\"><p role=\"status\" aria-live=\"polite\" aria-atomic=\"true\"><\/p> <ul><\/ul><\/div>\n<form action=\"\/index.php\/wp-json\/wp\/v2\/pages\/443#wpcf7-f182-o1\" method=\"post\" class=\"wpcf7-form init\" aria-label=\"Contact form\" novalidate=\"novalidate\" data-status=\"init\">\n<div style=\"display: none;\">\n<input type=\"hidden\" name=\"_wpcf7\" value=\"182\" \/>\n<input type=\"hidden\" name=\"_wpcf7_version\" value=\"6.0.1\" \/>\n<input type=\"hidden\" name=\"_wpcf7_locale\" value=\"en_US\" \/>\n<input type=\"hidden\" name=\"_wpcf7_unit_tag\" value=\"wpcf7-f182-o1\" \/>\n<input type=\"hidden\" name=\"_wpcf7_container_post\" value=\"0\" \/>\n<input type=\"hidden\" name=\"_wpcf7_posted_data_hash\" value=\"\" \/>\n<\/div>\n<div class=\"contact-form\">\n<div class=\"contact-name\">\n<h5 class=\"contact-title\">Name<span>*<\/span><\/h5>\n<div><span class=\"wpcf7-form-control-wrap\" data-name=\"your-name\"><input size=\"40\" maxlength=\"400\" class=\"wpcf7-form-control wpcf7-text wpcf7-validates-as-required\" aria-required=\"true\" aria-invalid=\"false\" placeholder=\"\" value=\"\" type=\"text\" name=\"your-name\" \/><\/span><\/div>\n<\/div>\n<div class=\"contact-email\">\n<h5 class=\"contact-title\">E-Mail<span>*<\/span><\/h5>\n<div><span class=\"wpcf7-form-control-wrap\" data-name=\"your-email\"><input size=\"40\" maxlength=\"400\" class=\"wpcf7-form-control wpcf7-email wpcf7-validates-as-required wpcf7-text wpcf7-validates-as-email\" aria-required=\"true\" aria-invalid=\"false\" placeholder=\"\" value=\"\" type=\"email\" name=\"your-email\" \/><\/span><\/div>\n<\/div>\n<div class=\"contact-subject\">\n<h5 class=\"contact-title\">Betreff<\/h5>\n<div><span class=\"wpcf7-form-control-wrap\" data-name=\"your-subject\"><input size=\"40\" maxlength=\"400\" class=\"wpcf7-form-control wpcf7-text\" aria-invalid=\"false\" placeholder=\"\" value=\"\" type=\"text\" name=\"your-subject\" \/><\/span><\/div>\n<\/div>\n<div class=\"contact-message\">\n<h5 class=\"contact-title\">Nachricht<\/h5>\n<div><span class=\"wpcf7-form-control-wrap\" data-name=\"your-message\"><textarea cols=\"40\" rows=\"5\" maxlength=\"2000\" class=\"wpcf7-form-control wpcf7-textarea\" aria-invalid=\"false\" placeholder=\"\" name=\"your-message\"><\/textarea><\/span><\/div>\n<\/div>\n<div class=\"contact-submit\">\n<input class=\"wpcf7-form-control wpcf7-submit has-spinner\" type=\"submit\" value=\"Senden\" \/>\n<\/div>\n<\/div><div class=\"wpcf7-response-output\" aria-hidden=\"true\"><\/div>\n<\/form>\n<\/div>\n[\/vc_column_inner][\/vc_row_inner][\/vc_column][\/vc_row][vc_row full_width=&#8221;stretch_row_content_no_spaces&#8221;][vc_column][vc_row_inner][vc_column_inner el_id=&#8221;maps_col&#8221;][vc_gmaps link=&#8221;#E-8_JTNDaWZyYW1lJTIwc3JjJTNEJTIyaHR0cHMlM0ElMkYlMkZ3d3cuZ29vZ2xlLmNvbSUyRm1hcHMlMkZlbWJlZCUzRnBiJTNEJTIxMW0xNCUyMTFtOCUyMTFtMyUyMTFkNTI5LjgwNjc1MTg3Njg2NjElMjEyZDExLjA2OTExMzM5NjA2NzAwNSUyMTNkNDkuNDQ1ODIyODM0NTA4NTElMjEzbTIlMjExaTEwMjQlMjEyaTc2OCUyMTRmMTMuMSUyMTNtMyUyMTFtMiUyMTFzMHg0NzlmNTcwNzZhZmJmZmZmJTI1M0EweDg3NDc2NjFiNGQ4YzlmMmYlMjEyc1ByaW50T2ZmaWNlJTI1MjBPZmZzZXRkcnVjayUyNTIwTGV1Y2h0d2VyYnVuZyUyNTIwV2VyYmV0ZWNobmlrJTIxNWUwJTIxM20yJTIxMXNlbiUyMTJzdGglMjE0djE2NzUyNDMwMzM4NTklMjE1bTIlMjExc2VuJTIxMnN0aCUyMiUyMHdpZHRoJTNEJTIyNjAwJTIyJTIwaGVpZ2h0JTNEJTIyNDUwJTIyJTIwc3R5bGUlM0QlMjJib3JkZXIlM0EwJTNCJTIyJTIwYWxsb3dmdWxsc2NyZWVuJTNEJTIyJTIyJTIwbG9hZGluZyUzRCUyMmxhenklMjIlMjByZWZlcnJlcnBvbGljeSUzRCUyMm5vLXJlZmVycmVyLXdoZW4tZG93bmdyYWRlJTIyJTNFJTNDJTJGaWZyYW1lJTNF&#8221;][\/vc_column_inner][\/vc_row_inner][\/vc_column][\/vc_row]<\/p>\n<\/section>","protected":false},"excerpt":{"rendered":"<p>[vc_row css=&#8221;.vc_custom_1548846847156{padding-bottom: 8% !important;}&#8221;][vc_column][vc_row_inner][vc_column_inner width=&#8221;1\/2&#8243;][vc_custom_heading heading_style=&#8221;heading_style_3&#8243; text=&#8221;Kontakt&#8221; use_theme_fonts=&#8221;yes&#8221; css=&#8221;.vc_custom_1675248054530{padding-bottom: 4% !important;}&#8221;][vc_column_text]Lorem ipsum dolor sit amet, consectetur adipiscing elit. Fusce in purus id eros auctor tincidunt ut non nunc. Ut sed ex elementum, efficitur felis id, varius eros. Aliquam elementum nec.[\/vc_column_text][\/vc_column_inner][vc_column_inner width=&#8221;1\/2&#8243;][vc_custom_heading heading_style=&#8221;heading_style_3&#8243; text=&#8221;Send Message&#8221; use_theme_fonts=&#8221;yes&#8221; css=&#8221;.vc_custom_1550473386624{padding-bottom: 4% !important;}&#8221;][\/vc_column_inner][\/vc_row_inner][\/vc_column][\/vc_row][vc_row full_width=&#8221;stretch_row_content_no_spaces&#8221;][vc_column][vc_row_inner][vc_column_inner el_id=&#8221;maps_col&#8221;][vc_gmaps link=&#8221;#E-8_JTNDaWZyYW1lJTIwc3JjJTNEJTIyaHR0cHMlM0ElMkYlMkZ3d3cuZ29vZ2xlLmNvbSUyRm1hcHMlMkZlbWJlZCUzRnBiJTNEJTIxMW0xNCUyMTFtOCUyMTFtMyUyMTFkNTI5LjgwNjc1MTg3Njg2NjElMjEyZDExLjA2OTExMzM5NjA2NzAwNSUyMTNkNDkuNDQ1ODIyODM0NTA4NTElMjEzbTIlMjExaTEwMjQlMjEyaTc2OCUyMTRmMTMuMSUyMTNtMyUyMTFtMiUyMTFzMHg0NzlmNTcwNzZhZmJmZmZmJTI1M0EweDg3NDc2NjFiNGQ4YzlmMmYlMjEyc1ByaW50T2ZmaWNlJTI1MjBPZmZzZXRkcnVjayUyNTIwTGV1Y2h0d2VyYnVuZyUyNTIwV2VyYmV0ZWNobmlrJTIxNWUwJTIxM20yJTIxMXNlbiUyMTJzdGglMjE0djE2NzUyNDMwMzM4NTklMjE1bTIlMjExc2VuJTIxMnN0aCUyMiUyMHdpZHRoJTNEJTIyNjAwJTIyJTIwaGVpZ2h0JTNEJTIyNDUwJTIyJTIwc3R5bGUlM0QlMjJib3JkZXIlM0EwJTNCJTIyJTIwYWxsb3dmdWxsc2NyZWVuJTNEJTIyJTIyJTIwbG9hZGluZyUzRCUyMmxhenklMjIlMjByZWZlcnJlcnBvbGljeSUzRCUyMm5vLXJlZmVycmVyLXdoZW4tZG93bmdyYWRlJTIyJTNFJTNDJTJGaWZyYW1lJTNF&#8221;][\/vc_column_inner][\/vc_row_inner][\/vc_column][\/vc_row]<\/p>\n","protected":false},"author":1,"featured_media":0,"parent":0,"menu_order":0,"comment_status":"closed","ping_status":"closed","template":"","meta":{"footnotes":""},"class_list":["post-443","page","type-page","status-publish","hentry","clearfix"],"_links":{"self":[{"href":"https:\/\/optimistic-sutherland.5-9-23-233.plesk.page\/index.php\/wp-json\/wp\/v2\/pages\/443","targetHints":{"allow":["GET"]}}],"collection":[{"href":"https:\/\/optimistic-sutherland.5-9-23-233.plesk.page\/index.php\/wp-json\/wp\/v2\/pages"}],"about":[{"href":"https:\/\/optimistic-sutherland.5-9-23-233.plesk.page\/index.php\/wp-json\/wp\/v2\/types\/page"}],"author":[{"embeddable":true,"href":"https:\/\/optimistic-sutherland.5-9-23-233.plesk.page\/index.php\/wp-json\/wp\/v2\/users\/1"}],"replies":[{"embeddable":true,"href":"https:\/\/optimistic-sutherland.5-9-23-233.plesk.page\/index.php\/wp-json\/wp\/v2\/comments?post=443"}],"version-history":[{"count":3,"href":"https:\/\/optimistic-sutherland.5-9-23-233.plesk.page\/index.php\/wp-json\/wp\/v2\/pages\/443\/revisions"}],"predecessor-version":[{"id":1654,"href":"https:\/\/optimistic-sutherland.5-9-23-233.plesk.page\/index.php\/wp-json\/wp\/v2\/pages\/443\/revisions\/1654"}],"wp:attachment":[{"href":"https:\/\/optimistic-sutherland.5-9-23-233.plesk.page\/index.php\/wp-json\/wp\/v2\/media?parent=443"}],"curies":[{"name":"wp","href":"https:\/\/api.w.org\/{rel}","templated":true}]}}